and 112.
28
Calculate the highest common factor of 1085 and 51305.
155
Calculate the highest common divisor of 895 and 10.
5
Calculate the highest common factor of 4749831 and 1206.
603
Calculate the greatest common factor of 81903 and 46.
23
Calculate the greatest common factor of 13205 and 7085803.
2641
Calculate the greatest common factor of 184393 and 22.
11
Calculate the greatest common divisor of 15360 and 2976.
96
What is the highest common factor of 833 and 14455?
49
What is the greatest common divisor of 253924 and 2233?
319
Calculate the greatest common divisor of 8070 and 255.
15
What is the highest common divisor of 2574 and 15730?
286
Calculate the greatest common factor of 17094 and 9471.
231
Calculate the highest common factor of 1140 and 6099.
57
What is the greatest common divisor of 8879 and 689?
13
What is the greatest common factor of 2519 and 352?
11
Calculate the greatest common factor of 1 and 48478.
1
Calculate the greatest common divisor of 37 and 168757.
37
Calculate the greatest common factor of 51 and 119748.
51
What is the greatest common divisor of 20 and 1179308?
4
Calculate the greatest common factor of 1567657 and 2782.
1391
Calculate the greatest common factor of 19758 and 3071.
37
Calculate the highest common divisor of 2205 and 1342530.
315
Calculate the highest common factor of 1210 and 5203.
121
Calculate the greatest common factor of 45 and 38685.
15
Calculate the highest common factor of 39 and 1047.
3
Calculate the greatest common factor of 110120 and 30.
10
What is the greatest common factor of 288 and 774?
18
What is the greatest common factor of 18 and 5409?
9
What is the highest common factor of 18 and 450909?
9
Calculate the greatest common factor of 4536 and 604422.
1134
Calculate the greatest common factor of 753 and 1797.
3
What is the highest common divisor of 1406 and 304?
38
What is the highest common factor of 76092 and 1122?
102
Calculate the highest common divisor of 118234 and 1054.
62
Calculate the highest common factor of 969 and 44859.
57
What is the highest common factor of 81620 and 105?
35
Calculate the greatest common divisor of 48192 and 1632.
96
Calculate the greatest common divisor of 1710988 and 47.
47
Calculate the greatest common divisor of 589 and 1946645.
589
What is the highest common factor of 28 and 721966?
14
Calculate the highest common divisor of 32416 and 128.
32
Calculate the highest common factor of 344 and 27262.
86
Calculate the highest common divisor of 447091 and 67.
67
Calculate the greatest common divisor of 21645 and 39.
39
What is the greatest common divisor of 366 and 322263?
183
Calculate the highest common divisor of 345 and 263580.
345
Calculate the highest common factor of 27639 and 9.
9
What is the greatest common factor of 93 and 17670?
93
Calculate the highest common factor of 6835 and 55.
5
What is the greatest common factor of 58300 and 682?
22
Calculate the highest common factor of 14204 and 871.
67
What is the greatest common factor of 36 and 376146?
18
Calculate the greatest common factor of 154240 and 64.
64
Calculate the greatest common factor of 280 and 798980.
140
What is the greatest common divisor of 87579 and 666?
333
Calculate the greatest common divisor of 1023201 and 621.
207
What is the highest common divisor of 363 and 2097?
3
Calculate the highest common factor of 92 and 16555262.
46
Calculate the greatest common divisor of 728 and 21.
7
Calculate the greatest common factor of 20433 and 2224.
139
Calculate the greatest common divisor of 3088 and 2895.
193
Calculate the greatest common factor of 1 and 75972.
1
Calculate the highest common factor of 1027 and 949.
13
What is the highest common divisor of 1332 and 234?
18
What is the highest common divisor of 1542940 and 2247?
749
What is the highest common divisor of 1350 and 570?
30
Calculate the highest common factor of 40936 and 16.
8
What is the highest common factor of 6912 and 640?
128
What is the greatest common factor of 1582 and 103395?
113
Calculate the greatest common divisor of 74 and 3202.
2
What is the highest common divisor of 2698 and 456?
38
What is the highest common factor of 1053 and 476037?
81
Calculate the highest common factor of 320 and 248560.
80
Calculate the highest common factor of 1810140 and 24.
12
What is the highest common divisor of 37 and 7550?
1
What is the highest common divisor of 8875 and 65?
5
What is the greatest common divisor of 512314 and 726?
242
Calculate the greatest common divisor of 19515413 and 38.
19
What is the highest common divisor of 386 and 477482?
386
Calculate the highest common divisor of 3050 and 113950.
50
Calculate the highest common factor of 40908 and 36.
12
Calculate the highest common divisor of 10720 and 800.
160
Calculate the highest common factor of 184274 and 398.
398
Calculate the greatest common divisor of 111224 and 40.
8
What is the greatest common factor of 75 and 58413?
3
What is the highest common factor of 378 and 7042?
14
What is the greatest common factor of 3622086 and 673?
673
What is the greatest common factor of 9545 and 15?
5
What is the greatest common factor of 15 and 225240?
15
Calculate the greatest common factor of 19908 and 2765.
553
Calculate the highest common factor of 114131 and 61.
61
What is the highest common factor of 491678 and 22?
22
What is the greatest common divisor of 589670 and 10?
10
Calculate the highest common factor of 21522 and 102.
102
What is the highest common divisor of 241825 and 425?
425
Calculate the greatest common factor of 28 and 61516.
28
Calculate the highest common factor of 1023 and 638011.
341
What is the greatest common divisor of 208 and 975026?
26
Calculate the greatest common factor of 10333794 and 4908.
2454
What is the highest common divisor of 111228 and 496?
124
What is the greatest common factor of 192 and 7908?
12
Calculate the greatest common factor of 1030 and 206.
206
Calculate the greatest common factor of 170 and 34070.
10
Calculate the highest common divisor of 67584 and 2200.
88
Calculate the greatest common divisor of 52 and 356.
4
Calculate the highest common divisor of 9682 and 45938.
206
What is the highest common divisor of 712 and 344?
8
What is the greatest common divisor of 20972 and 1960?
196
What is the greatest common factor of 27 and 4356?
9
Calculate the greatest common divisor of 93 and 60574.
31
What is the highest common divisor of 131415 and 45?
15
What is the greatest common factor of 130 and 1027?
13
Calculate the greatest common divisor of 4410 and 4606.
98
Calculate the greatest common factor of 3785 and 130.
5
What is the highest common factor of 36638 and 56?
14
Calculate the greatest common divisor of 864 and 4698.
54
Calculate the highest common divisor of 618310 and 11011.
847
Calculate the highest common factor of 84911 and 323.
19
What is the highest common factor of 70897 and 1488?
31
Calculate the highest common factor of 51508 and 1738.
158
What is the highest common divisor of 4894213 and 61?
61
What is the highest common factor of 343188 and 12?
12
What is the greatest common divisor of 29106 and 3024?
378
Calculate the highest common divisor of 5 and 518405.
5
Calculate the highest common factor of 340 and 768910.
170
Calculate the highest common divisor of 731 and 43316.
17
Calculate the greatest common divisor of 9942 and 84.
6
What is the highest common factor of 860 and 21844?
172
What is the highest common divisor of 33 and 137654?
11
Calculate the greatest common factor of 156 and 21502.
26
Calculate the highest common divisor of 228 and 13674.
6
What is the highest common divisor of 58853 and 514?
257
Calculate the highest common factor of 3664729 and 163.
163
Calculate the highest common divisor of 112698 and 54.
54
Calculate the greatest common factor of 801320 and 40.
40
What is the greatest common divisor of 18954 and 5886?
54
Calculate the highest common divisor of 800 and 449725.
25
What is the greatest common divisor of 18285 and 5520?
345
Calculate the highest common divisor of 326 and 101.
1
What is the greatest common factor of 129805 and 1950?
65
Calculate the highest common divisor of 189 and 2569.
7
Calculate the highest common factor of 132 and 528528.
132
What is the greatest common di